{"id":9739,"date":"2017-06-23T10:30:55","date_gmt":"2017-06-23T08:30:55","guid":{"rendered":"https:\/\/presserat.ch\/?page_id=9739"},"modified":"2026-02-09T11:11:33","modified_gmt":"2026-02-09T10:11:33","slug":"taches","status":"publish","type":"page","link":"https:\/\/presserat.ch\/fr\/le-conseil-de-la-presse\/taches\/","title":{"rendered":"T\u00e2ches"},"content":{"rendered":"<p>Le Conseil suisse de la presse est l\u2019instance de recours du public et des journalistes pour les questions ayant trait \u00e0 la d\u00e9ontologie journalistique. Il veille \u00e0 l&rsquo;observation du code d\u00e9ontologiques valable pour tous les journaliste, la\u00a0\u00abD\u00e9claration des devoirs et des droits du\/de la journaliste\u00bb.<\/p>\n<p>Sur plainte ou de sa propre initiative, le Conseil de la presse prend position sur des questions de d\u00e9ontologie journalistique. Tout le monde peut saisir le Conseil de la presse. Un \u00e9molument de 100 francs est per\u00e7u pour les personnes priv\u00e9es. Il passe \u00e0 200 francs pour la deuxi\u00e8me plainte d\u00e9pos\u00e9e au cours d\u2019une ann\u00e9e civile, \u00e0 500 francs pour la troisi\u00e8me, et pour la quatri\u00e8me plainte et les suivantes, une participation aux frais de 1000 francs est factur\u00e9e. Les plaignantes et les plaignants qui se font repr\u00e9senter par un avocat ainsi que les organisations, entreprises et institutions se voient facturer 1000 francs de frais.<\/p>\n<p>Les prises de position du Conseil suisse de la presse se fondent sur le code d\u00e9ontologique, sur les directives qu&rsquo;il a arr\u00eat\u00e9es \u00e0 son sujet et sur sa jurisprudence. Le Conseil de la presse \u00e9value dans sa d\u00e9cision si et pourquoi un compte rendu journalistique paru dans la presse, \u00e0 la radio, \u00e0 la t\u00e9l\u00e9vision ou sur Internet viole le code de d\u00e9ontologie des journalistes \u2013 ou non. Il garantit ainsi l\u2019autor\u00e9gulation de la branche des m\u00e9dias.<\/p>\n<p>Le Conseil de la presse contribue aussi \u00e0 la r\u00e9flexion et la discussion sur les questions fondamentales de l&rsquo;\u00e9thique des m\u00e9dias. Il d\u00e9fend la libert\u00e9 d&rsquo;expression et de la presse.<\/p>\n","protected":false},"excerpt":{"rendered":"<p>Le Conseil suisse de la presse est l\u2019instance de recours du public et des journalistes pour les questions ayant trait \u00e0 la d\u00e9ontologie journalistique. Il veille \u00e0 l&rsquo;observation du code d\u00e9ontologiques valable pour tous les journaliste, la\u00a0\u00abD\u00e9claration des devoirs et des droits du\/de la journaliste\u00bb. Sur plainte ou de sa propre initiative, le Conseil de &hellip; <a href=\"https:\/\/presserat.ch\/fr\/le-conseil-de-la-presse\/taches\/\">Suite<\/a><\/p>\n","protected":false},"author":1,"featured_media":0,"parent":9802,"menu_order":0,"comment_status":"closed","ping_status":"closed","template":"","meta":{"footnotes":""},"class_list":["post-9739","page","type-page","status-publish","hentry"],"_links":{"self":[{"href":"https:\/\/presserat.ch\/fr\/wp-json\/wp\/v2\/pages\/9739","targetHints":{"allow":["GET"]}}],"collection":[{"href":"https:\/\/presserat.ch\/fr\/wp-json\/wp\/v2\/pages"}],"about":[{"href":"https:\/\/presserat.ch\/fr\/wp-json\/wp\/v2\/types\/page"}],"author":[{"embeddable":true,"href":"https:\/\/presserat.ch\/fr\/wp-json\/wp\/v2\/users\/1"}],"replies":[{"embeddable":true,"href":"https:\/\/presserat.ch\/fr\/wp-json\/wp\/v2\/comments?post=9739"}],"version-history":[{"count":3,"href":"https:\/\/presserat.ch\/fr\/wp-json\/wp\/v2\/pages\/9739\/revisions"}],"predecessor-version":[{"id":20371,"href":"https:\/\/presserat.ch\/fr\/wp-json\/wp\/v2\/pages\/9739\/revisions\/20371"}],"up":[{"embeddable":true,"href":"https:\/\/presserat.ch\/fr\/wp-json\/wp\/v2\/pages\/9802"}],"wp:attachment":[{"href":"https:\/\/presserat.ch\/fr\/wp-json\/wp\/v2\/media?parent=9739"}],"curies":[{"name":"wp","href":"https:\/\/api.w.org\/{rel}","templated":true}]}}

Tâches

<p>Le Conseil suisse de la presse est l’instance de recours du public et des journalistes pour les questions ayant trait à la déontologie journalistique. Il veille à l&rsquo;observation du code déontologiques valable pour tous les journaliste, la «Déclaration des devoirs et des droits du/de la journaliste».</p>
<p>Sur plainte ou de sa propre initiative, le Conseil de la presse prend position sur des questions de déontologie journalistique. Tout le monde peut saisir le Conseil de la presse. Un émolument de 100 francs est perçu pour les personnes privées. Il passe à 200 francs pour la deuxième plainte déposée au cours d’une année civile, à 500 francs pour la troisième, et pour la quatrième plainte et les suivantes, une participation aux frais de 1000 francs est facturée. Les plaignantes et les plaignants qui se font représenter par un avocat ainsi que les organisations, entreprises et institutions se voient facturer 1000 francs de frais.</p>
<p>Les prises de position du Conseil suisse de la presse se fondent sur le code déontologique, sur les directives qu&rsquo;il a arrêtées à son sujet et sur sa jurisprudence. Le Conseil de la presse évalue dans sa décision si et pourquoi un compte rendu journalistique paru dans la presse, à la radio, à la télévision ou sur Internet viole le code de déontologie des journalistes – ou non. Il garantit ainsi l’autorégulation de la branche des médias.</p>
<p>Le Conseil de la presse contribue aussi à la réflexion et la discussion sur les questions fondamentales de l&rsquo;éthique des médias. Il défend la liberté d&rsquo;expression et de la presse.</p>

<p>Le Conseil suisse de la presse est l’instance de recours du public et des journalistes pour les questions ayant trait à la déontologie journalistique. Il veille à l&rsquo;observation du code déontologiques valable pour tous les journaliste, la «Déclaration des devoirs et des droits du/de la journaliste». Sur plainte ou de sa propre initiative, le Conseil de &hellip; <a href="https://presserat.ch/fr/le-conseil-de-la-presse/taches/">Suite</a></p>
